der when 10401 is divided by 14?
13
What is the remainder when 222 is divided by 112?
110
What is the remainder when 287 is divided by 72?
71
What is the remainder when 357 is divided by 45?
42
Calculate the remainder when 134 is divided by 70.
64
Calculate the remainder when 189 is divided by 59.
12
Calculate the remainder when 602 is divided by 151.
149
What is the remainder when 2536 is divided by 1261?
14
Calculate the remainder when 204 is divided by 31.
18
What is the remainder when 665 is divided by 96?
89
Calculate the remainder when 143 is divided by 38.
29
Calculate the remainder when 550 is divided by 19.
18
What is the remainder when 975 is divided by 25?
0
Calculate the remainder when 3031 is divided by 431.
14
What is the remainder when 1801 is divided by 21?
16
Calculate the remainder when 52 is divided by 18.
16
What is the remainder when 1262 is divided by 1260?
2
What is the remainder when 55 is divided by 18?
1
What is the remainder when 313 is divided by 21?
19
Calculate the remainder when 394 is divided by 60.
34
What is the remainder when 3196 is divided by 160?
156
What is the remainder when 156 is divided by 148?
8
What is the remainder when 265 is divided by 82?
19
Calculate the remainder when 1057 is divided by 350.
7
Calculate the remainder when 999 is divided by 36.
27
What is the remainder when 445 is divided by 61?
18
What is the remainder when 205 is divided by 168?
37
Calculate the remainder when 9623 is divided by 125.
123
What is the remainder when 421 is divided by 9?
7
What is the remainder when 2281 is divided by 163?
162
What is the remainder when 281 is divided by 3?
2
What is the remainder when 85 is divided by 25?
10
Calculate the remainder when 6045 is divided by 72.
69
What is the remainder when 5912 is divided by 48?
8
What is the remainder when 8490 is divided by 212?
10
Calculate the remainder when 258 is divided by 20.
18
Calculate the remainder when 21 is divided by 10.
1
Calculate the remainder when 579 is divided by 45.
39
Calculate the remainder when 148 is divided by 29.
3
What is the remainder when 90 is divided by 16?
10
Calculate the remainder when 63 is divided by 48.
15
Calculate the remainder when 696 is divided by 309.
78
What is the remainder when 347 is divided by 70?
67
What is the remainder when 619 is divided by 20?
19
What is the remainder when 973 is divided by 122?
119
What is the remainder when 470 is divided by 26?
2
What is the remainder when 140 is divided by 45?
5
What is the remainder when 204 is divided by 16?
12
Calculate the remainder when 94 is divided by 3.
1
Calculate the remainder when 275 is divided by 94.
87
What is the remainder when 331 is divided by 112?
107
What is the remainder when 395 is divided by 73?
30
What is the remainder when 219 is divided by 20?
19
Calculate the remainder when 26 is divided by 4.
2
Calculate the remainder when 7297 is divided by 292.
289
Calculate the remainder when 65 is divided by 15.
5
What is the remainder when 780 is divided by 374?
32
Calculate the remainder when 74 is divided by 41.
33
What is the remainder when 7345 is divided by 14?
9
Calculate the remainder when 1111 is divided by 49.
33
Calculate the remainder when 172 is divided by 79.
14
What is the remainder when 85 is divided by 16?
5
Calculate the remainder when 113 is divided by 38.
37
What is the remainder when 14502 is divided by 279?
273
What is the remainder when 885 is divided by 8?
5
What is the remainder when 417 is divided by 112?
81
What is the remainder when 1185 is divided by 195?
15
What is the remainder when 908 is divided by 16?
12
What is the remainder when 235 is divided by 113?
9
Calculate the remainder when 364 is divided by 12.
4
Calculate the remainder when 672 is divided by 95.
7
Calculate the remainder when 679 is divided by 82.
23
What is the remainder when 160 is divided by 91?
69
What is the remainder when 34032 is divided by 119?
117
Calculate the remainder when 1436 is divided by 20.
16
What is the remainder when 510 is divided by 122?
22
Calculate the remainder when 52 is divided by 48.
4
What is the remainder when 128 is divided by 11?
7
What is the remainder when 1847 is divided by 44?
43
Calculate the remainder when 95 is divided by 14.
11
What is the remainder when 1169 is divided by 65?
64
Calculate the remainder when 10715 is divided by 46.
43
What is the remainder when 266 is divided by 30?
26
Calculate the remainder when 487 is divided by 236.
15
What is the remainder when 3106 is divided by 21?
19
What is the remainder when 620 is divided by 104?
100
Calculate the remainder when 416 is divided by 60.
56
What is the remainder when 772 is divided by 31?
28
What is the remainder when 4252 is divided by 19?
15
What is the remainder when 377 is divided by 189?
188
What is the remainder when 251 is divided by 64?
59
What is the remainder when 1868 is divided by 85?
83
Calculate the remainder when 6131 is divided by 42.
41
What is the remainder when 150 is divided by 33?
18
Calculate the remainder when 352 is divided by 118.
116
Calculate the remainder when 1118 is divided by 22.
18
What is the remainder when 328 is divided by 166?
162
What is the remainder when 302 is divided by 92?
26
Calculate the remainder when 759 is divided by 109.
105
Calculate the remainder when 331 is divided by 31.
21
What is the remainder when 58 is divided by 10?
8
What is the remainder when 213 is divided by 47?
25
Calculate the remainder when 593 is divided by 61.
44
Calculate the remainder when 374 is divided by 20.
14
What is the remainder when 2737 is divided by 211?
205
Calculate the remainder when 700 is divided by 40.
20
Calculate the remainder when 101 is divided by 8.
5
What is the remainder when 100 is divided by 9?
1
Calculate the remainder when 152 is divided by 24.
8
Calculate the remainder when 696 is divided by 54.
48
What is the remainder when 159 is divided by 54?
51
Calculate the remainder when 54094 is divided by 31.
30
What is the remainder when 565 is divided by 13?
6
Calculate the remainder when 78582 is divided by 76.
74
Calculate the remainder when 1354 is divided by 148.
22
Calculate the remainder when 229 is divided by 111.
7
What is the remainder when 250 is divided by 9?
7
Calculate the remainder when 113 is divided by 12.
5
What is the remainder when 2171 is divided by 489?
215
Calculate the remainder when 164 is divided by 21.
17
Calculate the remainder when 340 is divided by 26.
2
What is the remainder when 145 is divided by 31?
21
What is the remainder when 365 is divided by 82?
37
What is the remainder when 40 is divided by 5?
0
Calculate the remainder when 4846 is divided by 11.
6
Calculate the remainder when 36 is divided by 8.
4
What is the remainder when 56 is divided by 29?
27
What is the remainder when 1036 is divided by 201?
31
What is the remainder when 237 is divided by 80?
77
Calculate the remainder when 3189 is divided by 58.
57
Calculate the remainder when 258 is divided by 67.
57
Calculate the remainder when 6027 is divided by 5.
2
Calculate the remainder when 31313 is divided by 6.
5
Calculate the remainder when 40 is divided by 37.
3
Calculate the remainder when 187 is divided by 174.
13
What is the remainder when 1515 is divided by 37?
35
What is the remainder when 172 is divided by 60?
52
What is the remainder when 354 is divided by 174?
6
What is the remainder when 736 is divided by 253?
230
Calculate the remainder when 4121 is divided by 75.
71
What is the remainder when 4309 is divided by 98?
95
Calculate the remainder when 99 is divided by 67.
32
What is the remainder when 139 is divided by 130?
9
Calculate the remainder when 488 is divided by 37.
7
Calculate the remainder when 831 is divided by 408.
15
What is the remainder when 389 is divided by 17?
15
What is the remainder when 429 is divided by 54?
51
What is the remainder when 164 is divided by 10?
4
Calculate the remainder when 481 is divided by 69.
67
What is the remainder when 373 is divided by 75?
73
What is the remainder when 67 is divided by 43?
24
Calculate the remainder when 1337 is divided by 67.
64
Calculate the remainder when 153 is divided by 33.
21
Calculate the remainder when 621 is divided by 48.
45
What is the remainder when 53